2. What are the prime factors of u(4)?
3
Suppose t - 30 = -t - 5*a, -3*t = 2*a - 34. Suppose -3*j = t - 148. List the prime factors of j.
2, 23
Let n(b) = 1 + 31*b + 0 - 2. Let t be n(1). Suppose -t + 6 = -4*m + 4*j, -5*m = j - 60. What are the prime factors of m?
11
Let j(n) = n + 8. Let g be j(-8). Suppose -5*u - 4*s + 11 + 17 = g, -4*u + 18 = s. What are the prime factors of u?
2
Let s(z) = -4 + 2*z - 3*z - 1. List the prime factors of s(-8).
3
Suppose -792 = -4*l + 200. List the prime factors of l.
2, 31
Let c be (2/(-6))/((-6)/(-306)). Let o = c - -26. What are the prime factors of o?
3
Let p = 20 - 17. Suppose p*l = 12, -34 = -q - l - 8. List the prime factors of q.
2, 11
Let g(z) = z**2 + 8*z + 19. What are the prime factors of g(-4)?
3
Let f be (-2 - (-3)/1)*3. Suppose n - 3*t = f + 5, 0 = 3*n - t - 16. What are the prime factors of n?
5
Let n be (100/(-15))/((-2)/6). Suppose n + 90 = 5*f. What are the prime factors of f?
2, 11
Suppose -4 = 4*k - 0. Let r(v) = 23*v**2 + v + 1. Let g be r(k). Suppose -g = -4*x - 3*c, -3*c + 10 = x + 2*c. What are the prime factors of x?
5
Suppose 0 = 3*m - 8 - 73. What are the prime factors of m/12 - (-2)/(-8)?
2
Suppose -4*f - 4*p - 32 = 0, -2*f = 5*p - 1 + 2. Let s(a) = -a**3 - 13*a**2 + 11. List the prime factors of s(f).
11
Suppose 13*i + 2*i = 30. List the prime factors of i.
2
Let g = 0 - 3. Let u be (g - -3)/(1 + 0). Suppose b + b - 10 = u. List the prime factors of b.
5
Let p(d) = -8*d. Let y = 4 - 6. What are the prime factors of p(y)?
2
Suppose 8 = 3*v + f, 5*f = 6*v - v - 20. List the prime factors of -5*4/(1 - v).
2, 5
What are the prime factors of (-24)/18 - 679/(-3)?
3, 5
Let s = 10 - 7. Suppose s*v - v = 16. Let a = v - -10. What are the prime factors of a?
2, 3
Let p(l) be the third derivative of -l**7/2520 - l**5/15 - 3*l**2. Let g(w) be the third derivative of p(w). What are the prime factors of g(-7)?
2, 7
Let x = -41 - -101. List the prime factors of x.
2, 3, 5
Let j(y) = -1. Let v(n) = n**3 + 7*n**2 - 7*n - 14. Let q(w) = -2*j(w) + v(w). Let o be q(-8). What are the prime factors of 21/(-2)*o/15?
2, 7
Let o be ((-3)/5)/(4/(-20)). What are the prime factors of o - 3 - (-2)/1?
2
Suppose 5*f - o = -82, 4*f - 5*f = 2*o + 23. Let d be f/(-4) - (-5)/(-20). Suppose 0 = d*z - 5*z + 17. What are the prime factors of z?
17
Let o = 17 + -24. Let j(m) = -m**2 - 7*m + 4. What are the prime factors of j(o)?
2
Let j = 8 - 2. Let t(f) = -f**2 + 7*f + 2. Let k be t(j). Suppose -k = n - 5*n. List the prime factors of n.
2
Suppose 105 = 5*n + 5*f, -35 = -4*n - 3*f + 52. Suppose 2*v - v = n. What are the prime factors of v?
2, 3
Let s = -2 - 0. What are the prime factors of (3 + s - -2) + -1?
2
Suppose -2*o + 1501 = 2*o + 3*n, n = -5. What are the prime factors of o?
379
Suppose 2 = 5*j + 27. Let d = 9 + j. Suppose -d*r - 4*g = -2*g - 14, 0 = -g - 3. What are the prime factors of r?
5
Let l(i) be the third derivative of i**2 - 5/24*i**4 + 0 - 2/3*i**3 + 0*i. List the prime factors of l(-3).
11
Suppose 102 = -5*t + 337. List the prime factors of t.
47
Suppose 4*n - 2*j - 768 = 0, j - 157 = -5*n + 796. What are the prime factors of n?
191
Let l = 105 - 59. List the prime factors of l.
2, 23
Let g(d) be the third derivative of -d**6/120 - 7*d**5/30 + d**3 - 3*d**2. What are the prime factors of g(-14)?
2, 3
Suppose 0*d - d = -19. List the prime factors of d.
19
Let x = -4 + 3. List the prime factors of x/(6/(-9))*2.
3
Suppose 15 = 2*b + 7. Suppose -5*s + 320 = -s. Suppose z = -b*z + s. List the prime factors of z.
2
Let w(l) = l - 10. Let f be w(13). Suppose f*o + o - 53 = -3*k, -k + 7 = 4*o. What are the prime factors of k?
23
Suppose 3*k = -83 + 254. What are the prime factors of k?
3, 19
Let p = 105 - 51. What are the prime factors of p?
2, 3
Let w be -8 + 17 + 3*1. List the prime factors of 116*(2 - 21/w).
29
Suppose -r - 5 = -i, r + 2*i - 4*i = -10. Suppose 0*z - 3*z + 30 = r. What are the prime factors of z?
2, 5
List the prime factors of (0 + -3)*(-12)/54*249.
2, 83
Let s(x) = -x**2 - 4*x + 1. Let m be s(-3). Suppose 12 = 3*u - 2*n, -4*u + 4*n = u - 18. Suppose m*y + u - 21 = -f, 4 = 4*y. What are the prime factors of f?
11
Suppose 35 = 7*r - 2*r. Let w be r + 1 + 0 + -3. List the prime factors of 9/15 - (-67)/w.
2, 7
Let v(o) = 29*o + 2. What are the prime factors of v(3)?
89
Let z = 10 - -58. List the prime factors of z.
2, 17
Let g(q) = q - 4. Suppose 2*j - 17 = -w + 1, -2*w + 5*j = 0. Suppose w = l + 4. List the prime factors of g(l).
2
Suppose -r + 3*r - 6 = 0. Suppose -r*g + 0*g = -12. Suppose 2*x = g*z - 32 - 18, -11 = -z + 2*x. What are the prime factors of z?
13
Let u(h) be the first derivative of -25*h**4/4 + h**2/2 + h + 4. List the prime factors of u(-1).
5
Let p be (1*-1)/((-3)/6). Let k = 0 + p. Suppose k*t = 6*t - 40. List the prime factors of t.
2, 5
Let g = 7 + -7. Suppose 3*b + 90 = -g*b. List the prime factors of (-74)/(-5) + (-6)/b.
3, 5
Let w(k) = -18*k + 7. What are the prime factors of w(-5)?
97
Suppose 0 = 4*o + 5 + 31. Let h(p) = -p - 7. Let t be h(o). Suppose i + k - 52 = -t*i, -5*i - k = -88. List the prime factors of i.
2, 3
Let v = -32 - -77. Suppose v = 5*p - 65. What are the prime factors of p?
2, 11
Suppose -4*b - 567 = -7*b. List the prime factors of b.
3, 7
Let q = -7 + 48. List the prime factors of q.
41
Let c(m) = 27*m - 1. Let y be c(2). Suppose 0*g - 3*l = -g + 15, 0 = 4*g - 5*l - y. What are the prime factors of g?
2, 3
Suppose -5*l - 12 = -412. Suppose -5*w - 3*p - 24 = -l, p = 4*w - 38. List the prime factors of w.
2, 5
Let g(b) = 2*b - 3. Let n be (-2)/(-6)*(2 + 10). What are the prime factors of g(n)?
5
Suppose c = 4*f + 47, -4*f + 5*c + 7 = 50. List the prime factors of (-393)/(-12) - 3/f.
3, 11
Let n = 0 + 3. Let r be 0/((-2 - 1)/n). Let f = 2 - r. List the prime factors of f.
2
Suppose -p = -3*z + 7 - 3, 3*p + 12 = 4*z. Suppose -2*s + 5 + z = -j, -24 = -3*s - 4*j. What are the prime factors of s?
2
Suppose -4*r + 3*l = -14, -3*r + 0*l = 3*l. Suppose 144 = -r*o + 6*o. List the prime factors of o.
2, 3
Let r(p) = -2*p - 2. Let h = -6 - -1. What are the prime factors of r(h)?
2
Suppose -2*i + 6*i - 5*h - 240 = 0, 3*h + 177 = 3*i. What are the prime factors of i?
5, 11
Let z = -35 - -37. List the prime factors of z.
2
What are the prime factors of (-2)/(-17) - (-1760)/68?
2, 13
Let x(d) = d**3 - 13*d**2 + 13*d - 4. Let h(m) = -3*m**3 + 38*m**2 - 38*m + 12. Let n(i) = -3*h(i) - 8*x(i). What are the prime factors of n(9)?
5
Let v(w) = 3 + 33*w - 15*w + 0*w. What are the prime factors of v(2)?
3, 13
Suppose -n + 0*n = 3*y - 16, -3*y = 4*n - 46. Suppose -j + n = 4*j. Suppose -21 = -j*t + 19. List the prime factors of t.
2, 5
Let b = 6 + 1. Let w = -5 + b. What are the prime factors of (3 + w)/(2 + -1)?
5
Let x(h) = h**2 - 2*h + 1. List the prime factors of x(-4).
5
Let v = 43 + -23. List the prime factors of v/(-70) - 156/(-7).
2, 11
Suppose -5*a = -2 - 38. Suppose a*z = 7*z + 3. List the prime factors of z.
3
Suppose 0 = 5*c + 5*w - 350, 4*c - 100 = 5*w + 198. What are the prime factors of c?
2, 3
Suppose -l - 20 = -4*p - 0*l, 0 = 4*p - 5*l - 4. List the prime factors of p.
2, 3
Let s = 5 - -37. What are the prime factors of s?
2, 3, 7
Suppose 0*i - i = -21. Suppose -k = -4*g - i, 3*g - 2*k + 11 = -6*k. Let l = 9 - g. List the prime factors of l.
2, 7
Let o(c) = 4 + 3*c + 3*c**2 - 2*c**2 + 5*c + 0*c**2. List the prime factors of o(-9).
13
List the prime factors of 2/(38/36 + -1).
2, 3
Let f(w) = 2*w + 2*w - w**3 + 2*w + 4*w**2 - 3 + 0*w**3. List the prime factors of f(5).
2
Suppose -5*f + 160 = 4*y, 2*f - 5*y + y - 36 = 0. What are the prime factors of f?
2, 7
Let y be (-52)/(-12)*(-3 + 0). Let n be (-6 - y) + 2/1. What are the prime factors of 156/n - (-1)/(-3)?
17
What are the prime factors of (-6)/(3*4/(-78))?
3, 13
Let l = -13 + 11. What are the prime factors of 64/6*(-3)/l?
2
Let s(i) = 4*i**2 + 13*i - 10. Let c(f) = f**2 + f. Let r(p) = 3*c(p) - s(p). Let b(v) = -v**2 + 2*v - 1. Let u be b(4). What are the prime factors of r(u)?
19
Let g be ((-2)/1)/((-6)/9). Suppose 0 = 2*z + g - 13. Suppose -99 = -z*v - 3*c, 5*v - c = 2*c + 81. List the prime factors of v.
2, 3
Suppose -3 - 1 = -2*v. Suppose 2*p - 2 = v. List the prime factors of p.
2
What are the